e hundreds digit of 6775189?
1
What is the ten thousands digit of 1588323?
8
What is the thousands digit of 41932?
1
What is the ten thousands digit of 18026600?
2
What is the tens digit of 2908957?
5
What is the hundred thousands digit of 13126932?
1
What is the tens digit of 483913?
1
What is the hundred thousands digit of 563875?
5
What is the units digit of 1906456?
6
What is the hundred thousands digit of 1409111?
4
What is the thousands digit of 3512803?
2
What is the hundred thousands digit of 225357?
2
What is the hundreds digit of 1906993?
9
What is the tens digit of 439440?
4
What is the tens digit of 4971387?
8
What is the millions digit of 9153232?
9
What is the units digit of 18956798?
8
What is the ten thousands digit of 6822272?
2
What is the tens digit of 4103686?
8
What is the thousands digit of 5958323?
8
What is the ten thousands digit of 40942177?
4
What is the tens digit of 234888?
8
What is the hundreds digit of 475407?
4
What is the tens digit of 1813349?
4
What is the hundred thousands digit of 295606?
2
What is the hundreds digit of 3281211?
2
What is the tens digit of 112912?
1
What is the ten thousands digit of 1239831?
3
What is the hundred thousands digit of 151098?
1
What is the tens digit of 79270?
7
What is the tens digit of 117180?
8
What is the thousands digit of 24035?
4
What is the ten thousands digit of 25372?
2
What is the hundreds digit of 2052457?
4
What is the hundreds digit of 460878?
8
What is the hundreds digit of 1800?
8
What is the hundreds digit of 9721935?
9
What is the thousands digit of 678704?
8
What is the tens digit of 276969?
6
What is the units digit of 2382462?
2
What is the hundred thousands digit of 161548?
1
What is the units digit of 4845504?
4
What is the tens digit of 9993684?
8
What is the hundred thousands digit of 288550?
2
What is the millions digit of 1217366?
1
What is the ten thousands digit of 242477?
4
What is the tens digit of 337925?
2
What is the thousands digit of 12818?
2
What is the thousands digit of 4521942?
1
What is the hundreds digit of 3544?
5
What is the units digit of 996010?
0
What is the ten thousands digit of 724998?
2
What is the hundreds digit of 37110260?
2
What is the units digit of 9386898?
8
What is the hundreds digit of 485659?
6
What is the ten thousands digit of 6557299?
5
What is the thousands digit of 5013089?
3
What is the units digit of 11171761?
1
What is the ten thousands digit of 34187?
3
What is the ten thousands digit of 1591569?
9
What is the tens digit of 14910002?
0
What is the thousands digit of 86434?
6
What is the units digit of 2410759?
9
What is the tens digit of 20981578?
7
What is the hundreds digit of 180372?
3
What is the units digit of 3033938?
8
What is the thousands digit of 8196440?
6
What is the tens digit of 10344933?
3
What is the units digit of 1758516?
6
What is the hundred thousands digit of 10706897?
7
What is the units digit of 5249537?
7
What is the tens digit of 766213?
1
What is the units digit of 22413?
3
What is the thousands digit of 303233?
3
What is the tens digit of 1149673?
7
What is the ten thousands digit of 1255111?
5
What is the units digit of 2568674?
4
What is the tens digit of 36028089?
8
What is the millions digit of 1168867?
1
What is the units digit of 88987?
7
What is the hundred thousands digit of 208746?
2
What is the hundreds digit of 134228?
2
What is the tens digit of 33784?
8
What is the hundred thousands digit of 483159?
4
What is the tens digit of 3321956?
5
What is the units digit of 209704?
4
What is the units digit of 43081?
1
What is the ten thousands digit of 15207793?
0
What is the tens digit of 392372?
7
What is the units digit of 206311?
1
What is the hundreds digit of 1192539?
5
What is the hundreds digit of 3840915?
9
What is the hundreds digit of 426089?
0
What is the hundreds digit of 768864?
8
What is the hundreds digit of 175005?
0
What is the hundreds digit of 183379?
3
What is the thousands digit of 10754024?
4
What is the ten thousands digit of 58565?
5
What is the units digit of 278676?
6
What is the hundred thousands digit of 5134413?
1
What is the hundreds digit of 751943?
9
What is the ten millions digit of 14677660?
1
What is the ten thousands digit of 133626?
3
What is the tens digit of 20811356?
5
What is the hundreds digit of 965043?
0
What is the millions digit of 4381499?
4
What is the thousands digit of 2139809?
9
What is the thousands digit of 893943?
3
What is the units digit of 417795?
5
What is the hundred thousands digit of 159548?
1
What is the thousands digit of 1453288?
3
What is the ten thousands digit of 208247?
0
What is the hundreds digit of 23435626?
6
What is the units digit of 197279?
9
What is the hundred thousands digit of 181214?
1
What is the units digit of 2994085?
5
What is the thousands digit of 309453?
9
What is the thousands digit of 3735741?
5
What is the units digit of 165119?
9
What is the hundred thousands digit of 2966375?
9
What is the tens digit of 5823109?
0
What is the tens digit of 3670503?
0
What is the hundreds digit of 1477154?
1
What is the ten thousands digit of 5599118?
9
What is the tens digit of 47433?
3
What is the hundred thousands digit of 25328794?
3
What is the hundred thousands digit of 255827?
2
What is the tens digit of 31469?
6
What is the tens digit of 210130?
3
What is the hundreds digit of 431547?
5
What is the tens digit of 4087007?
0
What is the hundred thousands digit of 23139318?
1
What is the units digit of 320072?
2
What is the units digit of 170442?
2
What is the ten thousands digit of 7249070?
4
What is the hundreds digit of 6884114?
1
What is the units digit of 423241?
1
What is the hundreds digit of 28526718?
7
What is the hundreds digit of 20318213?
2
What is the hundreds digit of 9729980?
9
What is the hundred thousands digit of 11661331?
6
What is the hundreds digit of 152881?
8
What is the thousands digit of 2376311?
6
What is the tens digit of 8588905?
0
What is the units digit of 28259958?
8
What is the units digit of 205314?
4
What is the ten thousands digit of 1806671?
0
What is the millions digit of 25700622?
5
What is the ten thousands digit of 26488?
2
What is the hundred thousands digit of 407750?
4
What is the millions digit of 3152714?
3
What is the hundreds digit of 181416?
4
What is the tens digit of 9070?
7
What is the thousands digit of 7146106?
6
What is the hundred thousands digit of 455621?
4
What is the ten thousands digit of 22392100?
9
What is the ten millions digit of 13035694?
1
What is the units digit of 208355?
5
What is the tens digit of 478284?
8
What is the units digit of 3985562?
2
What is the hundred thousands digit of 273302?
2
What is the millions digit of 1554016?
1
What is the hundreds digit of 1291624?
6
What is the hundred thousands digit of 790084?
7
What is the hundreds digit of 4011061?
0
What is the hundreds digit of 4097716?
7
What is the millions digit of 3748414?
3
What is the units digit of 225304?
4
What is the units digit of 15884652?
2
What is the hundreds digit of 2152855?
8
What is the hundred thousands digit of 185867?
1
What is the units digit of 269092?
2
What is the ten thousands digit of 1719945?
1
What is the thousands digit of 1365175?
5
What is the hundreds digit of 12244?
2
What is the hundred thousands digit of 4339498?
3
What is the ten thousands digit of 645682?
4
What is the tens digit of 5372?
7
What is the units digit of 1293050?
0
What is the hundreds digit of 250507?
5
What is the hundreds digit of 26326081?
0
What is the ten thousands digit of 26062549?
6
What is the tens digit of 877394?
9
What is the hundreds digit of 527127?
1
What is the units digit of 285142?
2
What is the units digit of 10057016?
6
What is the ten thousands digit of 10398575?
9
What is the hundred thousands digit of 14080101?
0
What is the hundreds digit of 131586?
5
What is the thousands digit of 171374?
1
What is the tens digit of 373933?
3
What is the millions digit of 1554088?
1
What is the hundreds digit of 5097634?
6
What is the tens digit of 76567?
6
What is the hundred thousands digit of 1265485?
2
What is the ten thousands digit of 190237?
9
What is the thousands digit of 1035353?
5
What is the hundreds digit of 95313?
3
What is the hundreds 